f o and h.
24
Let j(g) = 9 + 2*g**2 + 0*g**2 + 5*g**2 - 8*g**2 - 6*g. Let k be j(-5). What is the greatest common divisor of 112 and k?
14
Suppose t + 0*t + 2 = 0. Let z be ((-4)/2)/(t/9). Let h be 9/6*(22 + -4). What is the highest common factor of z and h?
9
Let l = -44 + 58. What is the greatest common factor of l and 154?
14
Let g be ((-4)/(-6))/(2/60). Suppose 0 = z - 0*z - 10. What is the highest common factor of z and g?
10
Let a be ((-2)/6)/((-6)/90). Let z be (9*a)/((-24)/(-16)). Calculate the highest common factor of 210 and z.
30
Suppose 5*l = 2*l + 18. Let a be 22/2 - 1*3. Suppose -2*i = -l*i + a. Calculate the greatest common divisor of 3 and i.
1
Suppose 67 = y + g + 2*g, 0 = -3*y - 5*g + 205. Calculate the highest common factor of 175 and y.
35
Suppose 0 = 5*h + 3*k - 17, h - 4*k = 8 - 23. Suppose -z = -1 - h. Let i be 56/12 + z/(-3). Calculate the greatest common divisor of i and 12.
4
Let n be -1 + 0/(-1) + 5. Let a be (2/3)/(n/30). Let g(v) = -v**2 - 6*v. Let u be g(-5). What is the highest common divisor of u and a?
5
Suppose 3*x - 98 = x. Suppose 0 = -5*r - 2*z - 36, -r = 2*z - z + 9. Let h(n) = -n + 1. Let j be h(r). Calculate the highest common factor of j and x.
7
Suppose r + 2*r + 10 = -2*g, 0 = -g - 5*r - 12. Let h be g/1*35/10. Let o = h + 11. Calculate the greatest common factor of o and 8.
4
Let q(g) = -2*g**2 - 20*g + 5. Let w be q(-10). Calculate the highest common factor of 45 and w.
5
Let g(n) = 3*n - 16. Let y be g(7). What is the greatest common factor of 45 and y?
5
Let g = 8 - -3. What is the greatest common divisor of 77 and g?
11
Let k = -14 + 24. Calculate the highest common divisor of 5 and k.
5
Let s(w) = -13*w - 14. Let c be s(-17). Calculate the highest common divisor of c and 23.
23
Let m be (102/(-96)*-4)/((-3)/(-60)). What is the greatest common divisor of m and 34?
17
Suppose -199 = -3*i + 4*z - 3*z, -i + 3*z = -69. Calculate the highest common divisor of 6 and i.
6
Let m be ((-2)/6)/(1/(-6)). Let v(f) = 3*f - 1. Let c be v(m). Suppose 78 = -2*z + c*z. What is the highest common factor of z and 39?
13
Let v = 1 - -1. Suppose 0 = -4*y + 165 - 29. Let j = -18 + y. Calculate the highest common factor of v and j.
2
Suppose 16 = 2*u - b, -b + 5 = 3*u - 24. Suppose -4*x + 2*x = -2. Calculate the highest common divisor of u and x.
1
Let f be (-1)/(1*(-2)/4). Let o be 3/(-9) - (-78)/(-9). Let q = 1 - o. What is the highest common factor of q and f?
2
Let z be 0/(-2) + 6/1. Let b = 26 - 24. Calculate the greatest common divisor of z and b.
2
Let s be 10/(-50) + 31/5. Let x be (-18)/s*(-15)/(-1). Let k = x - -101. What is the greatest common factor of 7 and k?
7
Let t = -13 + 7. Let b be t/(-4)*(-10)/(-3). Suppose -37 = -2*z - 3*z + 4*l, 0 = -5*z + b*l + 40. What is the highest common divisor of z and 1?
1
Suppose 184 - 44 = 4*z. Calculate the highest common factor of 7 and z.
7
Suppose w = 5*n - 44 + 4, 0 = -2*n - 5*w - 11. Suppose 6*p - 180 = 2*p. Let h = p + 11. Calculate the greatest common divisor of h and n.
7
Suppose -21*n + 8448 = 3*n. What is the highest common factor of n and 22?
22
Let y = 20 + 15. Let x be (42/18)/((-4)/(-12)). What is the greatest common factor of x and y?
7
Let f be (-10)/3 + (-2)/(-6). Suppose -w = -4*w - 4*m - 19, m + 7 = -3*w. Let r be f/(-1) + (-1 - w). What is the highest common divisor of r and 9?
3
Suppose 3*c - o = 21, 4*c + 0*c - 28 = -5*o. Calculate the greatest common factor of c and 77.
7
Suppose 3*r + 11 = 161. What is the highest common divisor of 125 and r?
25
Let b(y) = y**3 + 15*y**2 + 10*y - 20. Let r be b(-14). What is the highest common factor of 24 and r?
12
Suppose 20 = 3*r + r. Suppose 2*y + 3 = -5. Let w be (-179)/y + (-5)/(-20). Calculate the greatest common factor of w and r.
5
Suppose 2*g + 0*g = 3*n + 427, -4*n - 2*g = 560. Let j be (-3)/21 - n/7. What is the greatest common divisor of j and 5?
5
Suppose -5*q + 12 = 4*s - s, 4*s + 3*q = 16. Suppose g = 5, 4*k + 3*g - 24 = 55. What is the highest common factor of k and s?
4
Suppose -3*f - 4*b + 3 = -17, 5*f + 20 = 4*b. Suppose f = 3*k - 46 + 1. What is the greatest common factor of 15 and k?
15
Let p = -26 + 37. Let x(u) = u**3 + 7*u**2 + 4*u - 9. Let a be x(-7). Let k = -26 - a. What is the highest common divisor of k and p?
11
Suppose 20 = 2*u - 4*u. Let m = 25 + u. Calculate the greatest common factor of 135 and m.
15
Suppose 3*v = -2*y - y, 5*y + 12 = v. Suppose -1 - 3 = -v*o. Calculate the highest common factor of 3 and o.
1
Let t = -32 - -53. Suppose -5*a - 4*o + 27 = 0, 3*o + 3 = -3. Calculate the highest common divisor of t and a.
7
Let y be 1/(-2*2/(-360)). Calculate the greatest common divisor of y and 18.
18
Let r = -20 - -28. What is the highest common factor of 32 and r?
8
Let d be (-1)/6 + (-292)/(-24). Let k(f) = -f + 36. Let p be k(0). Suppose d = 4*z - p. What is the greatest common factor of z and 48?
12
Let o be 6/(0 - -3)*45. Let n be o/27 - (-4)/(-3). Let g = -3 + 11. What is the greatest common divisor of n and g?
2
Let w be (-90)/8 - (-6)/24. Let l = 0 - w. Suppose -a - 1 = -z - 3*z, -2*z = -6. What is the greatest common factor of l and a?
11
Suppose r = -2*y + 194, -3*y + 372 = y - 2*r. What is the greatest common divisor of y and 19?
19
Let z = 32 - 17. What is the highest common divisor of z and 3?
3
Suppose -4*k - 96 = -0*k. Let g = -13 - k. Calculate the greatest common factor of g and 11.
11
Let d be (11/4 - 1)*4. Let b = d + -6. Let j be b*(6 + 3) + 1. What is the greatest common divisor of 10 and j?
10
Let j be 8104/44 + -4*(-4)/(-88). What is the greatest common divisor of j and 23?
23
Let f be 55*(2 + (-8)/10). What is the greatest common divisor of 6 and f?
6
Let w be (7*-1)/(6/(-30)). Calculate the highest common divisor of 14 and w.
7
Let n be 3 + 9 - 1 - -2. What is the greatest common factor of 13 and n?
13
Let n = 7 + -4. Calculate the highest common factor of 5 and n.
1
Let k(t) = -t**3 + 4*t**2 - t + 5. Let g be k(4). Let m(v) = -v + 3. Let p be m(7). Let z = g - p. Calculate the greatest common factor of z and 2.
1
Suppose -3*d + w + 215 = 0, 2*w + 88 = -3*d + 288. What is the greatest common factor of 7 and d?
7
Suppose v + 12 = -65. Let q = -46 - v. Calculate the highest common divisor of 31 and q.
31
Let p be 12*1/(4/2). Suppose 3*o + 42 = p*o. Calculate the highest common factor of o and 21.
7
Let v(f) = f**2 - f - 1. Let j(o) = -o**3 + 14*o**2 - 9*o - 13. Let x(s) = -j(s) + 6*v(s). Let r be x(8). What is the greatest common divisor of 341 and r?
31
Let z be (9/15)/(11/5 + -2). Suppose -4*c - 2*q - 8 + 136 = 0, 167 = 5*c - q. What is the highest common divisor of c and z?
3
Suppose -3*h + 10 = -h. What is the highest common divisor of 80 and h?
5
Let c = 83 + -77. Calculate the greatest common factor of c and 66.
6
Let a be (1 - -128) + (7 - 4). Suppose -43 = -4*d - m, 0*d = 4*d + 4*m - 28. What is the greatest common divisor of a and d?
12
Suppose 5*u = -g + 87, -g + 6 = 3*u - 45. Suppose -4*d - 5*y = -d - 43, -y - 13 = -3*d. Calculate the highest common factor of d and u.
6
Let z = 7 - 7. Suppose z*f = -4*f + 320. What is the highest common factor of f and 10?
10
Let a be ((-8)/6)/((-5)/(-15)). Let r = a - -8. Suppose 52 = r*k + 4. What is the highest common divisor of 36 and k?
12
Let c be 6/18*3*-1. Let p = 16 + c. Suppose 0 = 3*i + 161 - 476. Calculate the greatest common divisor of i and p.
15
Suppose 2*a = w - 20, -w - w + a + 52 = 0. Let g be 8/4*(-7)/2. Let f = 0 - g. What is the greatest common divisor of f and w?
7
Let z be 7/(-28) - 25/(-4). Suppose -o + 4 = -z. Calculate the highest common divisor of o and 20.
10
Let r be (-1144)/(-40)*1*5. Calculate the greatest common factor of r and 13.
13
Suppose -3*k + 144 = 3*j, 6*j = -k + 3*j + 56. Suppose -550 = -6*g + g. Calculate the greatest common divisor of g and k.
22
Let x = 2 + 4. Calculate the greatest common factor of 6 and x.
6
Let n(q) = q**3 - q**2 + 4*q - 3. Let r be n(2). Let c be (-843)/(-12) + 4/(-16). Let k = c - -2. What is the greatest common factor of r and k?
9
Suppose 2*i - 10 = -b + 3*b, -5*i = 2*b - 4. Let s be 6/b*1/(-2). Calculate the highest common divisor of s and 1.
1
Let p be 1 + -2 + 2 - -14. Let w be (0 - (0 - 2))*3. What is the greatest common factor of w and p?